{"id":36,"date":"2015-11-11T17:49:37","date_gmt":"2015-11-11T16:49:37","guid":{"rendered":"http:\/\/www.jaideunsyrien.fr\/?page_id=36"},"modified":"2020-11-30T19:39:51","modified_gmt":"2020-11-30T18:39:51","slug":"lassociation-2","status":"publish","type":"page","link":"https:\/\/www.jaideunsyrien.fr\/?page_id=36","title":{"rendered":"L&rsquo;association"},"content":{"rendered":"<p>L\u2019association J&rsquo;aide un Syrien est la\u00efque, non lucrative et humanitaire. Elle a pour but de promouvoir les droits humains, l\u2019\u00e9change, la solidarit\u00e9\u2009; de lutter contre les in\u00e9galit\u00e9s, les extr\u00e9mismes et de protester face aux \u00ab\u00a0identit\u00e9s meurtri\u00e8res* \u00bb. L\u2019association est compos\u00e9e de Syrien\u00b7ne\u00b7s ayant de la famille r\u00e9fugi\u00e9e en Turquie et de membres fran\u00e7ais et de toutes autres nationalit\u00e9s.<\/p>\n<p>Son action principale est humanitaire avec la mise en place de parrainages de familles syriennes r\u00e9fugi\u00e9es en Turquie gr\u00e2ce aux dons r\u00e9colt\u00e9s en France et via un r\u00e9seau de femmes sur place.<\/p>\n<p>L&rsquo;association \u0153uvre aussi \u00e0 Strasbourg, en orientant les r\u00e9fugi\u00e9s vers les structures qui peuvent leur venir en aide ou en leur donnant des coups de main ponctuels.<\/p>\n<p>J&rsquo;aide un Syrien organise de petits \u00e9v\u00e8nements pour rapprocher les habitants de Strasbourg et les personnes r\u00e9fugi\u00e9es (parrainages amicaux, soir\u00e9es et pique-niques, march\u00e9s aux puces\u2026).<\/p>\n<p>J&rsquo;aide un Syrien a aussi eu l\u2019occasion d&rsquo;apporter son t\u00e9moignage lors d&rsquo;\u00e9v\u00e8nements sur la th\u00e9matique des r\u00e9fugi\u00e9\u00b7e\u00b7s (avec le Maillon Strasbourg, la Licra Bas-Rhin\u2026).<\/p>\n<p>&nbsp;<\/p>\n<p>*Titre de l\u2019ouvrage d\u2019Amin Maalouf, <em>Les Identit\u00e9s meurtri\u00e8res<\/em>, Grasset, Paris, 1998<\/p>\n","protected":false},"excerpt":{"rendered":"<p>L\u2019association J&rsquo;aide un Syrien est la\u00efque, non lucrative et humanitaire. Elle a pour but de promouvoir les droits humains, l\u2019\u00e9change, la solidarit\u00e9\u2009; de lutter contre les in\u00e9galit\u00e9s, les extr\u00e9mismes et de protester face aux \u00ab\u00a0identit\u00e9s meurtri\u00e8res* \u00bb. L\u2019association est compos\u00e9e &hellip; <a href=\"https:\/\/www.jaideunsyrien.fr\/?page_id=36\">Continuer la lecture <span class=\"meta-nav\">&rarr;<\/span><\/a><\/p>\n","protected":false},"author":2,"featured_media":0,"parent":0,"menu_order":3,"comment_status":"closed","ping_status":"closed","template":"","meta":[],"_links":{"self":[{"href":"https:\/\/www.jaideunsyrien.fr\/index.php?rest_route=\/wp\/v2\/pages\/36"}],"collection":[{"href":"https:\/\/www.jaideunsyrien.fr\/index.php?rest_route=\/wp\/v2\/pages"}],"about":[{"href":"https:\/\/www.jaideunsyrien.fr\/index.php?rest_route=\/wp\/v2\/types\/page"}],"author":[{"embeddable":true,"href":"https:\/\/www.jaideunsyrien.fr\/index.php?rest_route=\/wp\/v2\/users\/2"}],"replies":[{"embeddable":true,"href":"https:\/\/www.jaideunsyrien.fr\/index.php?rest_route=%2Fwp%2Fv2%2Fcomments&post=36"}],"version-history":[{"count":11,"href":"https:\/\/www.jaideunsyrien.fr\/index.php?rest_route=\/wp\/v2\/pages\/36\/revisions"}],"predecessor-version":[{"id":117,"href":"https:\/\/www.jaideunsyrien.fr\/index.php?rest_route=\/wp\/v2\/pages\/36\/revisions\/117"}],"wp:attachment":[{"href":"https:\/\/www.jaideunsyrien.fr\/index.php?rest_route=%2Fwp%2Fv2%2Fmedia&parent=36"}],"curies":[{"name":"wp","href":"https:\/\/api.w.org\/{rel}","templated":true}]}}