{"id":28,"date":"2015-11-11T17:34:46","date_gmt":"2015-11-11T16:34:46","guid":{"rendered":"http:\/\/www.jaideunsyrien.fr\/?page_id=28"},"modified":"2020-11-30T19:38:50","modified_gmt":"2020-11-30T18:38:50","slug":"la-premiere-famille-parrainee","status":"publish","type":"page","link":"https:\/\/www.jaideunsyrien.fr\/?page_id=28","title":{"rendered":"Les familles parrain\u00e9es"},"content":{"rendered":"<p><strong>Premi\u00e8re famille<\/strong><br \/>\nCette famille est compos\u00e9e de 7 personnes dont 5 enfants. Elle a fui la Syrie suite \u00e0 de nombreux bombardements sur la ville de Slouk, au nord de la Syrie. Ils y travaillaient comme paysans mais leurs terres ont \u00e9t\u00e9 confisqu\u00e9es par des groupes de combattants qui ont pris possession de la ville et oblig\u00e9 ses habitants \u00e0 partir. Entre les bombardements et la confiscation de leurs terres, ils ont d\u00fb se r\u00e9soudre \u00e0 chercher refuge en Turquie.<br \/>\nArriv\u00e9e \u00e0 Ak\u00e7akale, pr\u00e8s de la fronti\u00e8re c\u00f4t\u00e9 turc, la famille a v\u00e9cu neuf ans dans un local abandonn\u00e9 avant de pouvoir s&rsquo;installer dans une petite maison avec sanitaires et eau courante. Elle peine \u00e0 trouver de quoi survivre. Le p\u00e8re de famille est sous le choc et la m\u00e8re porte la famille \u00e0 bout de bras. Ils sont un peu aid\u00e9s par leurs concitoyens, qui leur offrent th\u00e9 et pain, mais cela ne suffit pas \u00e0 ce qu\u2019ils puissent se loger, se nourrir, se v\u00eatir, se chauffer et envoyer leurs enfants \u00e0 l\u2019\u00e9cole qui est \u00e9loign\u00e9e. La situation est encore plus tendue l\u2019hiver, le p\u00e9trole utilis\u00e9 pour le chauffage \u00e9tant tr\u00e8s cher en Turquie.<br \/>\nComme des milliers de personnes, ils ne re\u00e7oivent que peu d&rsquo;aide du gouvernement ou des ONG.<br \/>\nCette famille a \u00e9t\u00e9 choisie parce que sa situation est catastrophique et que J\u2019aide un Syrien a une relation de proximit\u00e9 avec elle.<\/p>\n<p><strong>Deuxi\u00e8me famille<\/strong><br \/>\nDans cette famille il y a la m\u00e8re de famille, la grand-m\u00e8re et deux jeunes filles adolescentes. Le p\u00e8re de famille est d\u00e9c\u00e9d\u00e9. La m\u00e8re est femme de m\u00e9nage et les filles vont \u00e0 l&rsquo;\u00e9cole.<\/p>\n<p><strong>Troisi\u00e8me famille<\/strong><br \/>\nIl s&rsquo;agit d&rsquo;un couple avec 5 enfants, qui habitent \u00e0 Sanliurfa en Turquie. Le p\u00e8re donne des cours en arabe chez lui, la m\u00e8re n&rsquo;a pas de travail. Les enfants sont scolaris\u00e9s \u00e0 l&rsquo;\u00e9cole turque.<\/p>\n<p><strong>Quatri\u00e8me famille<\/strong><br \/>\nC&rsquo;est une famille de 7 personnes dont 5 enfants, qui habitent \u00e0 Sanliurfa en Turquie. La m\u00e8re de famille est couturi\u00e8re \u00e0 domicile, son mari r\u00e9parateur d&rsquo;\u00e9lectrom\u00e9nager (il gagne 3 \u20ac par jour). Malgr\u00e9 leurs emplois, ils n&rsquo;arrivent pas \u00e0 subvenir aux besoins de leur famille.<\/p>\n<p><strong>J&rsquo;aide ces familles<\/strong><br \/>\nJ\u2019aide un Syrien vous propose de parrainer ces familles. Le parrainage durera tant qu\u2019elles seront en difficult\u00e9 et se reportera sur une autre famille d\u00e8s qu\u2019elles seront \u00ab\u00a0sorties d\u2019affaire\u00a0\u00bb (acc\u00e8s \u00e0 un camp de r\u00e9fugi\u00e9s, obtention d\u2019un travail\u2026).<br \/>\nVous pouvez aider en faisant un don mensuel ou ponctuel. Le don que vous ferez sera int\u00e9gralement remis aux familles via un r\u00e9seau de femmes syriennes r\u00e9fugi\u00e9es en Turquie ou l\u2019un de nos membres. Un point sera fait r\u00e9guli\u00e8rement<br \/>\n&gt; J&rsquo;aide un Syrien verse 200 \u20ac\/mois \u00e0 la premi\u00e8re famille et 100\u20ac\/mois aux trois autres familles. Chaque mois, nous envoyons 500 \u20ac au total. Ces sommes restent modestes par rapport \u00e0 leurs besoins et ne sont qu&rsquo;une aide de survie.<\/p>\n","protected":false},"excerpt":{"rendered":"<p>Premi\u00e8re famille Cette famille est compos\u00e9e de 7 personnes dont 5 enfants. Elle a fui la Syrie suite \u00e0 de nombreux bombardements sur la ville de Slouk, au nord de la Syrie. Ils y travaillaient comme paysans mais leurs terres &hellip; <a href=\"https:\/\/www.jaideunsyrien.fr\/?page_id=28\">Continuer la lecture <span class=\"meta-nav\">&rarr;<\/span><\/a><\/p>\n","protected":false},"author":2,"featured_media":0,"parent":0,"menu_order":2,"comment_status":"closed","ping_status":"closed","template":"","meta":[],"_links":{"self":[{"href":"https:\/\/www.jaideunsyrien.fr\/index.php?rest_route=\/wp\/v2\/pages\/28"}],"collection":[{"href":"https:\/\/www.jaideunsyrien.fr\/index.php?rest_route=\/wp\/v2\/pages"}],"about":[{"href":"https:\/\/www.jaideunsyrien.fr\/index.php?rest_route=\/wp\/v2\/types\/page"}],"author":[{"embeddable":true,"href":"https:\/\/www.jaideunsyrien.fr\/index.php?rest_route=\/wp\/v2\/users\/2"}],"replies":[{"embeddable":true,"href":"https:\/\/www.jaideunsyrien.fr\/index.php?rest_route=%2Fwp%2Fv2%2Fcomments&post=28"}],"version-history":[{"count":13,"href":"https:\/\/www.jaideunsyrien.fr\/index.php?rest_route=\/wp\/v2\/pages\/28\/revisions"}],"predecessor-version":[{"id":116,"href":"https:\/\/www.jaideunsyrien.fr\/index.php?rest_route=\/wp\/v2\/pages\/28\/revisions\/116"}],"wp:attachment":[{"href":"https:\/\/www.jaideunsyrien.fr\/index.php?rest_route=%2Fwp%2Fv2%2Fmedia&parent=28"}],"curies":[{"name":"wp","href":"https:\/\/api.w.org\/{rel}","templated":true}]}}