{"id":10,"date":"2015-11-11T16:55:05","date_gmt":"2015-11-11T15:55:05","guid":{"rendered":"http:\/\/www.jaideunsyrien.fr\/?page_id=10"},"modified":"2022-11-23T21:45:03","modified_gmt":"2022-11-23T20:45:03","slug":"agir-concretement","status":"publish","type":"page","link":"https:\/\/www.jaideunsyrien.fr\/?page_id=10","title":{"rendered":"Agir concr\u00e8tement"},"content":{"rendered":"<p>J&rsquo;aide un Syrien vous propose d\u2019<strong>aider des familles de r\u00e9fugi\u00e9s syriens en Turquie<\/strong>. Le parrainage durera tant que les familles seront en difficult\u00e9 et se reportera sur une autre famille d\u00e8s qu&rsquo;une famille sera \u00ab\u00a0sortie d\u2019affaire\u00a0\u00bb (obtention d\u2019un travail\u2026).<br \/>Vous pouvez aider en faisant <strong>un don mensuel ou ponctuel.<\/strong> Le don que vous ferez sera int\u00e9gralement remis aux familles* via un r\u00e9seau de femmes syriennes r\u00e9fugi\u00e9es en Turquie. Kafa, institutrice, s\u0153ur de l\u2019un de nos membres, aidant d\u00e9j\u00e0 des familles d\u00e9munies et personne de confiance est notre premier relais. L\u2019argent que vous donnerez sera d\u00e9pos\u00e9 sur le compte de l\u2019association, inscrit dans la comptabilit\u00e9 et remis aux familles contre r\u00e9c\u00e9piss\u00e9 sign\u00e9 par les familles. Les comptes de l&rsquo;association sont \u00e0 la disposition des donateurs. Un point sur la situation de la famille sera fait r\u00e9guli\u00e8rement.<\/p>\n<p><strong>Avec 500\u00a0\u20ac\/mois au total<\/strong> nous apportons une \u00ab\u00a0aide de survie\u00a0\u00bb \u00e0 4 familles (une vingtaine de personnes).<br \/><strong>Avec 600\u00a0\u20ac\/mois au total<\/strong> nous pourrions renforcer notre aide aux 4 familles.<br \/><strong>Avec plus,<\/strong> nous pourrions parrainer une cinqui\u00e8me famille qui attend notre aide.<\/p>\n\n\n<iframe id=\"haWidget\" allowtransparency=\"true\" src=\"https:\/\/www.helloasso.com\/associations\/j-aide-un-syrien\/formulaires\/1\/widget-bouton\" style=\"height:70px;border:none;\"><\/iframe>\n\n\n\n<p>L\u2019association ne soutiendra pas les familles ayant un lien de parent\u00e9 proche avec ses membres pour \u00e9viter tout conflit d\u2019int\u00e9r\u00eat.<\/p>\n","protected":false},"excerpt":{"rendered":"<p>J&rsquo;aide un Syrien vous propose d\u2019aider des familles de r\u00e9fugi\u00e9s syriens en Turquie. Le parrainage durera tant que les familles seront en difficult\u00e9 et se reportera sur une autre famille d\u00e8s qu&rsquo;une famille sera \u00ab\u00a0sortie d\u2019affaire\u00a0\u00bb (obtention d\u2019un travail\u2026).Vous pouvez &hellip; <a href=\"https:\/\/www.jaideunsyrien.fr\/?page_id=10\">Continuer la lecture <span class=\"meta-nav\">&rarr;<\/span><\/a><\/p>\n","protected":false},"author":2,"featured_media":0,"parent":0,"menu_order":1,"comment_status":"closed","ping_status":"closed","template":"","meta":[],"_links":{"self":[{"href":"https:\/\/www.jaideunsyrien.fr\/index.php?rest_route=\/wp\/v2\/pages\/10"}],"collection":[{"href":"https:\/\/www.jaideunsyrien.fr\/index.php?rest_route=\/wp\/v2\/pages"}],"about":[{"href":"https:\/\/www.jaideunsyrien.fr\/index.php?rest_route=\/wp\/v2\/types\/page"}],"author":[{"embeddable":true,"href":"https:\/\/www.jaideunsyrien.fr\/index.php?rest_route=\/wp\/v2\/users\/2"}],"replies":[{"embeddable":true,"href":"https:\/\/www.jaideunsyrien.fr\/index.php?rest_route=%2Fwp%2Fv2%2Fcomments&post=10"}],"version-history":[{"count":31,"href":"https:\/\/www.jaideunsyrien.fr\/index.php?rest_route=\/wp\/v2\/pages\/10\/revisions"}],"predecessor-version":[{"id":152,"href":"https:\/\/www.jaideunsyrien.fr\/index.php?rest_route=\/wp\/v2\/pages\/10\/revisions\/152"}],"wp:attachment":[{"href":"https:\/\/www.jaideunsyrien.fr\/index.php?rest_route=%2Fwp%2Fv2%2Fmedia&parent=10"}],"curies":[{"name":"wp","href":"https:\/\/api.w.org\/{rel}","templated":true}]}}